or of r and y?
26
Suppose 4*d - 4*i - 531 = -7, -5*i - 280 = -2*d. Calculate the highest common divisor of 9125 and d.
125
Suppose -3*l = -2*w + 14, 0*l - 4*l = -w + 12. Calculate the highest common factor of 796 and w.
4
Suppose -4*f - 4*k = -15 - 1, 2*k = -2. Let q(m) = 15*m + 105. Let x be q(f). What is the greatest common divisor of 270 and x?
90
Suppose 33 = -6*t + 45. Suppose 762 = 2*h - t*x - 140, -2*h + 902 = 3*x. Calculate the greatest common factor of 41 and h.
41
Let w = 145 + -135. Suppose w*g = 629 - 79. What is the highest common divisor of g and 77?
11
Suppose -5*u = t - 226, t = 3*u + 238 - 4. Calculate the highest common divisor of 4125 and t.
33
Let x be (-10719)/(-9) + 10/(-25)*-20. What is the greatest common factor of x and 44?
11
Let j = -13 - -9. Let c be ((-327)/9)/(j/(-12)). Let z = -54 - c. Calculate the greatest common factor of z and 5.
5
Let m be (-2 + 17)/(-3)*-1. Suppose m*i = -k + 7, 4*i + k - 8 = -k. Let a be (8/8)/(1/5*i). Calculate the greatest common divisor of a and 5.
5
Let p = 380 - 224. Suppose -7*l + 66 = 3*c, 2*l - 2*c + 5*c = 6. What is the greatest common divisor of p and l?
12
Let t(z) = 15*z - 130. Let s be t(20). Suppose -7*f - 5*a = -10*f + s, -f + 56 = -a. Calculate the greatest common factor of 5 and f.
5
Let u = -636 - -668. Suppose -1397 = -21*b - u. Let s(j) = -6*j - 1. Let x be s(-1). Calculate the greatest common divisor of b and x.
5
Suppose 203*w = 71*w - 104*w + 944. What is the highest common divisor of w and 8452?
4
Let f be (0 - 205488/(-63)) + 8/28 + 0. Calculate the highest common divisor of f and 63.
7
Suppose 0 = 703*w - 645*w - 496364. What is the highest common factor of w and 33?
11
Let q be (-8944)/(-18) - (3258/(-162) + 20). Calculate the greatest common factor of 7 and q.
7
Let s(j) = 2*j**2 + 6*j + 7. Let z be s(-2). Suppose -5*m = -3*h - 176, m + z*m = -h + 134. What is the highest common divisor of m and 340?
34
Suppose 0 = 135*m - 144*m + 630. What is the greatest common factor of m and 574?
14
Suppose 0 = 3*x - r + 94 + 286, -5*x - 660 = 5*r. Let o = x + 135. What is the greatest common divisor of 161 and o?
7
Let o be (-1)/((9/(-3))/42). Suppose -y - 64 = o. Let s be (12/(-14))/(y/(-28) - 3). Calculate the highest common divisor of 44 and s.
4
Let s(u) = -u**3 + 5*u**2 + 9*u + 12. Let g = 231 - 225. Let m be s(g). What is the greatest common divisor of m and 150?
30
Suppose -3*o = 43*x - 42*x - 102, -3*x = 4*o - 146. What is the greatest common divisor of o and 216?
8
Let g = 311 + -308. Suppose -3*v + 195 = 5*r, 4*r + g*v - 4*v = 156. Calculate the greatest common divisor of 143 and r.
13
Suppose -161*r + 173*r + 3732 = 0. Let v = r - -355. Calculate the highest common divisor of v and 231.
11
Let h = 4161 - 4135. What is the highest common divisor of 2054 and h?
26
Suppose -3*o - 50 = -170. Let t = o - 22. Let q = -289 + 301. Calculate the highest common divisor of q and t.
6
Suppose 5*y - 3*y - 10 = 0. Let r be 174/116 - (-3803)/(-2). Let f be 200/r - (-80)/38. What is the highest common factor of f and y?
1
Let f(p) = -p**3 + 98*p**2 + 4*p - 356. Let t be f(98). What is the highest common divisor of t and 69?
3
Let t be (21/(1512/(-12)))/(2/260)*-15. What is the greatest common factor of t and 403?
13
Suppose 2*l + 3*r - 388 = 0, 776 = 2*l + 2*l - 3*r. Let h = l - 193. Let z(f) = 7*f - 3. Let g be z(2). Calculate the greatest common divisor of h and g.
1
Let z = -37 + 46. Let k(x) = 6*x + 40. Let v be k(-8). Let g(a) = 2*a**2 + 17*a + 9. Let d be g(v). What is the highest common factor of d and z?
1
Let g = -7431 + 8315. What is the highest common divisor of g and 136?
68
Suppose y - 27 = -7. Let t be 13/1 + 5*-1. Suppose -26*s = -25*s - t. Calculate the highest common factor of y and s.
4
Suppose 0 = -2*i - 77 + 105. Suppose -32 = -i*b - 18. Calculate the highest common divisor of 3 and b.
1
Let w = -2552 - -2849. What is the greatest common factor of w and 216?
27
Let k be ((-39)/2)/((-24)/560). Let z = k - 427. Calculate the highest common factor of 602 and z.
14
Suppose -209*a - 68*a = -10*a - 590604. What is the greatest common divisor of 1580 and a?
316
Let g be 2*30/24*6. Suppose -234 = -18*i + g*i. Calculate the highest common factor of i and 117.
39
Let f(c) = -c**3 - 4 - 8*c + 595*c**2 + 604*c**2 - 1204*c**2. Let w(p) = p - 10. Let u be w(7). Let m be f(u). What is the highest common divisor of 4 and m?
2
Suppose 0 = 12*z - 30943 - 2678 - 555. What is the greatest common divisor of z and 32?
32
Suppose -4*k = -7*h - 2617 + 7018, 5*h - 3151 = k. Calculate the highest common factor of 1 and h.
1
Suppose 28*r = 37*r - 12510. What is the greatest common divisor of 20 and r?
10
Let v = 24319 - 24197. What is the greatest common divisor of 29646 and v?
122
Let t = 714 + -712. Suppose -214 = -3*h - 4*j, -3*j = 4 + t. What is the greatest common factor of h and 6?
2
Let j = -268294 - -268300. Suppose 4*y = w - 45, 2*y + 55 = 2*w + y. Let c = w + -16. What is the highest common divisor of j and c?
3
Suppose 0 = 4*t + 36, 507*o - 4*t - 56370 = 504*o. What is the greatest common factor of o and 82?
82
Let j be (-100)/950 - 4/(76/(-477)). Suppose -5 = -q - 0. What is the greatest common factor of q and j?
5
Suppose -26799 = -3*p - 2*r, 0 = -4*p + 6027*r - 6031*r + 35724. Calculate the greatest common divisor of p and 81.
27
Let t(g) = -14*g**2 - 247*g + 24. Let s be t(-17). Calculate the highest common factor of 15 and s.
3
Suppose 4*o - b - 1917 = 0, -969 = -2*o + 220*b - 223*b. What is the greatest common factor of 64 and o?
32
Let v = 8509 - 8493. Let j(a) = a + 9. Let q be j(7). What is the highest common factor of v and q?
16
Let d = -141 - -149. Suppose 5*u = -2*b + 221, 0 = -3*b + 3*u - d*u + 319. Calculate the highest common divisor of b and 14.
14
Let r = -1376 + 1399. Calculate the highest common factor of r and 6371.
23
Let l = 18 + -15. Suppose -3*p - c = -0*c - 613, -l*p = 2*c - 608. Let x = 332 - p. Calculate the greatest common factor of 18 and x.
18
Suppose -p + 1 = 0, -9 = -3*c - p - 2. Let r be 2*c - (12 - 14). Let a be (-20 - -14)/(r/(-8)). What is the highest common divisor of 8 and a?
8
Let i(r) = 61*r + 226. Suppose -2*u + 15 = 3*o, -o + 44 = -36*u + 41*u. Let d be i(u). Calculate the highest common divisor of 25 and d.
25
Let i = 353 + 10. Let w = -362 + i. Calculate the greatest common factor of w and 31.
1
Suppose -59 = -61*c + 60*c + 3*l, -2*l + 329 = 5*c. Calculate the greatest common divisor of 2093 and c.
13
Let l(x) = x**2 + 17*x - 408. Let h be l(33). Calculate the highest common divisor of h and 1458.
54
Let w be 90/(-60)*6*-7. Suppose 3*k = 4*k - 315. What is the highest common divisor of k and w?
63
Suppose 2*v = 4*g + 152, -43*v = -48*v + 2*g + 372. Calculate the greatest common factor of 1258 and v.
74
Let p(k) = -k**3 + 8*k**2 - 10*k + 15. Let f be p(7). Let x be 1*23 + -1 - (5 + f). Let j be 3 + -5 + 44 - -4. Calculate the highest common factor of x and j.
23
Let u(k) = k**2 - 11*k + 135. Let m be u(-25). Calculate the highest common divisor of 1955 and m.
115
Let y = -1844 - -2219. Calculate the greatest common factor of y and 100.
25
Let h(k) = -3*k**3 - 75*k**2 + 6*k + 159. Let u be h(-25). What is the highest common divisor of u and 1611?
9
Suppose -15 = -5*b, 5*b - 20 = v + 9. Let i be (-1250)/35 - (38/v + 3). Let c be (-33 - -3)*5/(75/i). What is the greatest common factor of 12 and c?
12
Let x be (-3)/(-1 - (-8)/14). Let i(h) = 4*h**2 + 8*h + 1. Let u be i(x). Calculate the highest common factor of u and 23.
23
Suppose 7*n - 29*n = 137*n - 8904. What is the greatest common divisor of 6104 and n?
56
Let o(r) = 13*r + 216*r**2 + 215*r**2 + 212*r**2 - 657*r**2 + 9 - 2*r**3. Let y be o(-9). Calculate the highest common factor of 48 and y.
24
Let h = 23 - 3. Let i(m) = 5*m + 7 + 8*m - 8 + 18*m**2 - 47 + m**3. Let q be i(-17). Calculate the greatest common divisor of h and q.
20
Let n(z) = -3*z + 27. Let u be n(8). Suppose -8*k = u*k - 110. Let v = 39 - k. Calculate the highest common factor of 145 and v.
29
Suppose 2*i - 5*x = 298, -683*i - 414 = -686*i + 2*x. Calculate the highest common factor of 28676 and i.
134
Let i(x) = -3*x**2 + 19*x - 6. Let c be i(8). Let v be (-36 - -33)*c/6. What is the greatest common factor o